+ 11)) + -23
-8
11 - (12 + -16 + 3)
12
30 - (67 - (7 + -7))
-37
(67 - 57) + (0 - 20) - -21
11
Calculate 4 + -3 - (-7 + 7 - -4).
-3
What is 55 + -51 + 1 + -10?
-5
What is 4 + -10 + (2 + 5 - -7) + 9?
17
(24 - -3 - 63) + 12
-24
Evaluate -1 - 26 - (26 + -58).
5
Evaluate 14 - (1 - (-17 + 6)).
2
Evaluate (16 - -3) + 147 + -150.
16
What is 10 + -10 + (-2 - -18)?
16
Evaluate -11 - (-8 + 8) - (7 - (3 - -2)).
-13
What is the value of -1 + -3 + 6 + 3 + -10 + 1?
-4
Calculate (4 - -4) + (-61 - -41).
-12
Calculate (14 - 12 - -6) + -13.
-5
-12 - (4 + (-5 - 2))
-9
(-10 - -4 - (-21 - -19)) + (2 - 16)
-18
What is the value of -16 - (8 + 6 + -41)?
11
What is 2 - ((-7 - (-3 + 6)) + -4 + 6)?
10
What is 1 + -4 - (-2 + 44 + -5)?
-40
What is the value of -12 + -15 + 2 + 14?
-11
Evaluate 12 - (-12 + 5 - (1 + -6 + -2)).
12
What is 11 + (1 - 6) + (12 - 3 - 4)?
11
What is the value of 12 - (63 + -71 + 43)?
-23
1 + 0 - (-16 - (-6 + 7 + 6))
24
Calculate 21 - (14 - (-5 + -6)).
-4
Calculate -3 - (19 - 12) - -3 - (0 + -1).
-6
What is 3 + 7 + (-18 - -8) + 2 + 1?
3
Calculate -12 + (-7 + 1 + (-25 - -20) - -5).
-18
Calculate (38 - 26 - 19) + (-1 - -2 - 6).
-12
What is the value of 12 - (-1 + -17 + 35)?
-5
Evaluate -2 - 0 - (-2 - (-2 - (-5 + 9))).
-6
Calculate -27 - (21 - 33) - -41.
26
What is 93 - 107 - (1 - 9)?
-6
Calculate -13 - (16 + -20 + -16).
7
(1 - -1) + -273 + 302 - 1
30
What is -28 + 26 - (4 + -13 - 3)?
10
What is 57 + -15 + 26 - 40?
28
What is the value of (6 - -1) + (-11 + 12 - 24)?
-16
What is the value of 2 + -6 + 1 + (4 + -10 - 1)?
-10
What is the value of 17 + 0 + (-3 - (-3 + 9))?
8
21 - (2 + 42) - -1
-22
-20 - (10 + -8 + -3) - (2 - 4)
-17
Evaluate 8 + -14 + -28 + 20.
-14
What is the value of (0 - 0) + -16 + 27?
11
-15 + (1 - -4 - (11 + -12))
-9
What is (-43 - -60) + (2 - 14) + -18 + -1?
-14
What is -10 + 14 + -20 - -9?
-7
Evaluate -25 - (14 + -15 - (8 - -1)).
-15
Evaluate -4 - (-11 + -18 + 64).
-39
Evaluate 0 + -12 + (-81 - -80) + 21.
8
What is the value of -16 + 24 - 4 - 21?
-17
What is the value of 14 + (-5 - (7 + -2))?
4
11 + (-1 - -3 - (24 + -19)) - 26
-18
Evaluate (-13 + -16 - -72) + -4.
39
What is (13 - (8 - -13)) + (17 - 0)?
9
What is -9 + (-8 - -6 - -9) - 9?
-11
What is (-20 - (-1 - 12)) + (-2 - -14)?
5
Evaluate 0 + -10 + 13 + -7 + -6.
-10
Calculate 24 - -2 - (142 + -125).
9
Calculate -7 - ((-1 + -11 - -9) + -15).
11
What is 21 - (596 + -601 + -1 + 9)?
18
Calculate (-50 - -50) + (-1 - -8) + -2.
5
What is 27 - -1 - (-61 - -87 - (16 - -2))?
20
What is -2 - 3 - -9 - -10 - 9?
5
51 + -63 - (2 - 1 - (0 + -2))
-15
Evaluate -17 + (9 - -1) - (-22 - (-2 + -2)).
11
What is -2 - (-6 - -1 - (46 - 59))?
-10
Calculate (15 - 13) + -8 + 9.
3
-9 + (14 - -1) + -3 + -1
2
Calculate 7 + 0 + 17 + -15 + -9.
0
What is the value of -12 - (-23 + -3) - 2?
12
Evaluate (-63 - -84) + 0 + -19.
2
(-10 - 2) + (14 - 8)
-6
-10 + (-7 - -5) + 7 + 20
15
What is 5 - (7 + -8 + 4)?
2
What is the value of -8 + (20 - 8 - (7 + -7))?
4
Evaluate -53 + 60 + (-26 + 4 - 1).
-16
What is (-12 - (10 - 21)) + -15?
-16
What is the value of (-3 - -1 - -7) + 4 + 16 + -21?
4
Calculate 1 + 11 + (8 - (-3 - -1 - -11)).
11
(1 + 1 - (2 + (-10 - -3))) + 6
13
2 + (8 - 16) + 13
7
What is the value of 9 - (-11 + 6) - (-4 + 40)?
-22
What is 6 + 6 + -6 + 0 + (3 - 6)?
3
What is 0 + (8 - 12) + 9 + -3 + -17?
-15
26 - 21 - -14 - 43
-24
Evaluate 18 + -2 + -22 - (2 - 0).
-8
What is 1 + -4 + -110 + 102?
-11
(16 + -9 + -10 - -12) + 4
13
What is 10 + -9 - 1 - 3 - 11?
-14
What is 13 + 0 - (-185 + 191)?
7
(-22 - (6 - 48)) + -36
-16
What is the value of -9 + 5 + 5 + 6 + 6?
13
Evaluate -74 + 48 + 2 + 5 + 2.
-17
What is the value of (0 - 0) + (23 + -51 - -4)?
-24
What is 25 + -6 + -8 + 3 + 9?
23
What is 1 + -3 - 2 - (-11 - -10 - 11)?
8
What is the value of 0 + (0 + -2 - (-6 + -2 + -1))?
7
Calculate -2 + 4 - (-9 - 2).
13
Evaluate -1 - ((2 - -5 - 2) + -6).
0
16 + (-16 - -12 - (-4 - -6))
10
Evaluate 25 - (26 + 2 - (50 + -36)).
11
Calculate (4 - 6) + 1 + (-2 - -7) + -4.
0
Calculate -9 + 11 - ((6 - 9) + 12) - -12.
5
Calculate 3 + 7 + (-50 - -28) - 19.
-31
What is the value of -7 - ((16 - 1) + -24)?
2
Evaluate (0 - (-4 - 3)) + (1 + -4 - -4).
8
Evaluate -5 - (1 + 2) - -10 - -8.
10
(21 - (17 + 1)) + (1 - -4)
8
42 + -50 - (-9 + 0) - -19
20
-8 + 8 + -21 + (3 - -7)
-11
What is (-1 + 18 - -10) + 1 + -4 - 7?
17
What is the value of 12 - (42 - 19 - 12)?
1
What is -1 - (-2 - -3 - (23 + -14 + -2))?
5
-10 - (-11 + 0 + 12 - 8 - 14)
11
What is the value of (1 - 4) + 6 - (-6 + 10 + -7)?
6
11 + (-4 - -3) + -8 + 23 - 11
14
What is 1 + 3 - ((10 - -35) + -58)?
17
(5 - 0) + 12 + -18 - -2
1
(-94 - -99) + 0 + 0 - 8
-3
What is the value of -2 + (2 - (-1 + 13 + -6)) + 17?
11
What is -45 + 25 + (-3 + 7 - 5 - -1)?
-20
(9 - 4) + (-17 - -13 - -5)
6
Evaluate 25 + -14 - 22 - (-2 - -7).
-16
What is (0 - -11) + (-47 - -15) + -1?
-22
What is (56 - 68 - (2 + 0)) + 8?
-6
(-13 - -14) + -10 + -2
-11
Evaluate -7 - (-6 + (-3 - (-10 - -7)) - 3).
2
What is (-5 - (0 + 2)) + (18 - 1)?
10
What is -18 - (-1 - (-3 - (-9 - (-6 + -2))))?
-19
14 + 29 + -30 + 14
27
(-1 - -41) + 17 + (-19 + 21 - 27)
32
What is the value of -24 + -15 + 6 + (23 - -3 - 7)?
-14
-20 + 17 + (2 - -3) - 0
2
What is (24 - 35) + 3 + 3 + -4?
-9
What is 45 - (43 - 60 - -61)?
1
What is the value of 9 + -1 - (261 + -242)?
-11
Calculate 0 - (30 + -45 - (-11 - 2)).
2
Calculate -37 + 11 + 6 + 13.
-7
What is -5 - (14 + -2 + 4)?
-21
What is the value of (7 - (8 - -23)) + 52?
28
What is 0 + -4 - (18 - 17) - 9?
-14
What is -13 + 2 + (-10 - -10) + 2 + -10?
-19
(-4 - (-3 + -11)) + -14 + 20
16
What is -1 + 20 + -3 - (9 + (18 - 28))?
17
Evaluate -1228 + 1271 + (-24 - -1).
20
What is the value of (-1 - 1) + (-1 - -13 - (65 - 54))?
-1
What is the value of 11 - 18 - (3 + -10)?
0
What is the value of -8 + -13 + 10 - -7?
-4
Evaluate (13 - -9 - 1 - 5) + -7.
9
What is -5 - (2 - 10 - (0 + -4)) - 20?
-21
-6 - (3 + -12 + -4)
7
-9 - -1 - (7 + (-9 - -5) - -5)
-16
Evaluate 6 + 5 + -34 + 19 - 1.
-5
What is the value of -1 - (23 + -7) - (-2 - -12)?
-27
What is (-8 - -6 - -15 - (-4 - -9)) + -39?
-31
Calculate 6 + (44 - 37) + (2 - (3 - 1)).
13
Calculate -32 - (-1 + 3) - (-9 + -1).
-24
-25 - -26 - (10 - -3)
-12
(1 - -10) + (154 - 89) + -84
-8
What is (-11 - -3) + 0 + -34 + (56 - 25)?
-11
Calculate 13 + (2 + (-8 - (1 - 5)) - -5).
16
(3 - 1) + 13 + -3 + -4
8
Calculate (-241 - -217) + 43 + 0.
19
What is -27 - ((-1736 - -1740) + (-1 - -1) + -10)?
-21
Calculate -12 + (23 - -31) + -39.
3
What is the value of 1 + -11 - ((-29 - -4) + 12)?
3
What is the value of -2 + (29 - -17) + -33?
11
What is the value of -29 - (-11 - 4) - -19?
5
-48 + 52 - (-22 - (14 + -8))
32
Calculate -8 - (4 - (7 - -2)) - -7.
4
What is the value of -16 + (9 - -25) + -32?
-14
What is the value of (0 + -4 - -3) + (43 - 13)?
29
What is -7 - (-31 + -1 + 1 + (19 - 16))?
21
(-10 - (-7 + 7)) + -8
-18
1 + 1 + 9 + 18 + -12 + 7
24
44 + 50 + -95 - (0 - (1 - 8))
-8
What is (-6 - (-2 - -2 - 2)) + -1 + 2?
-3
What is -35 + 48 + 35 + -28?
20
Evaluate 26 + (-7 - 9 - -13) + -11.
12
Evaluate -5 - (27 + -27 - (1 - (10 + -2))).
-12
What is 11 + 1 - (-45 + 46 + (-1 - -1))?
11
What is 32 - ((-20 - -35) + 10)?
7
What is the value of 0 + -11 - (9 - (-49 + 60))?
-9
What is 4 + -1 + -9 + (23 + -6 - 20)?
-9
-10 - (3 + -37 - (-2 + -6))
16
Evaluate -67 + 70 + -5 - (-1 - 7).
6
What is the value of (33 + -8 - 9) + -8?
8
What is the value of (5 - (1 + 1 + -10)) + 9 + -7?
15
Calculate (5 - 1 - 4 - -9) + -6.
3
Evaluate (0 - (-12 - -1)) + (38 - (0 + 34)).
15
What is the value of (-28 - -27) + (3 - (-3 - 0))?
5
What is (-40 - -45) + 6 + (-27 - 1)?
-17
Calculate -10 + (-11 + -4 - -47).
22
What is (-18 - 1) + (-2 + -8 - (36 + -39))?
-26
Evaluate (9 - 15) + 6 - 8 - (-3 + -3).
-2
What is the value of -107 + 91 + 2 + 0 + 4?
-10
What is 16 - -7 - 6 - 21?
-4
Evaluate 0 - -17 - (8 - (-33 + 32)).
8
Evaluate 111 - 119 - (0 + 2).
-10
Calculate -22 - (17 + (-16 - 24)).
1
-2 - (-51 - -33 - -18)
-2
What is (-15 + 11 - (-4 - (-7 + 11))) + 7?
11
What is the value of -19 + -6 + -14 + (-10 - -30)?
-19
Evaluate 57 + -23 + (-8 - 41).
-15
What is 2 - (8 - (10 + -11 + 4))?
-3
What is 3 + -4 + 5 + -6?
-2
What is 10 + (-16 - -3 - 9)?
-12
49 + (-1 + (-18 - -35) - 30)
35
What is (21 - 4) + (2 - -1)?
20
What is the value of (0 - 1) + 19 - (-18 